08 and i.
4
Suppose -2*a + 0*a = -22. Suppose -341 + 892 = 5*g - m, 3*m = -3*g + 327. What is the highest common divisor of a and g?
11
Let n be 3/(3/8*2). Suppose 4*p - 44 = -4*q, 0 = p - q - 2 - 3. Calculate the highest common divisor of n and p.
4
Let s(q) = q**3 - 10*q**2 - 34*q - 49. Let y be s(13). Suppose -4*k + 5*c = c - 432, 4*k - 452 = -c. What is the greatest common divisor of y and k?
16
Let o be (8/(-3))/8*0. Suppose 4*g - 7*g + 441 = o. Calculate the highest common factor of 21 and g.
21
Let l be (-5)/15 + 20/6. Suppose -2*i - l*z + 28 = 3*i, -32 = -2*i + 4*z. Let h be ((-1)/(-1) - i)*-12. Calculate the highest common divisor of h and 21.
21
Suppose 225 = 5*n - 5*p, -10*p - 25 = -5*p. Let a = 17 - 10. Suppose -a*t + 50 = -2*t. Calculate the highest common divisor of t and n.
10
Suppose -220 = -3*l - 730. Let s = l + 482. Let v be s/54 + 4/18. What is the highest common divisor of v and 2?
2
Let c be 478/14 - (-10)/(-350)*5. Suppose 66 = 5*i - c. Calculate the highest common factor of 160 and i.
20
Suppose -6 = -9*t + 21. Let j be 6/(-2) + 5 + 25. Calculate the highest common factor of j and t.
3
Suppose 6*p = 17*p - 66. What is the highest common factor of p and 94?
2
Let r(i) = 2*i**2 + 2*i - 49. Let j be r(6). What is the greatest common factor of j and 42?
7
Let j = -4 - -4. Suppose -s + j*s = -3*l + 70, 4 = -s. What is the highest common factor of l and 154?
22
Let l be 49504/56 + (1 - -4) + -5. What is the greatest common factor of 136 and l?
68
Suppose -3*v - 1 = 2*f + 3, 4*f + 8 = -3*v. Suppose v = -4*o + 7*o - 78. Calculate the highest common factor of o and 52.
26
Let h = -540 - -785. Suppose 0 = 2*q + 3*q + h. Let j be (-414)/(-21) + (-14)/q. What is the greatest common divisor of 8 and j?
4
Suppose 5*h - 26 = y, 2*y = 2*h - 3 - 9. Suppose -q + t = -16, t = h*q + 5*t - 107. Calculate the highest common divisor of q and 57.
19
Suppose -4*o + 0*o = -28. Let z(l) = -l**2 + 9*l + 8. Let g be z(o). What is the highest common factor of g and 33?
11
Let n(w) = -w - 1. Suppose 13 = 4*c + 5*j + 40, -4*c = 3*j + 21. Let t be n(c). Let l be t*14/(-2)*-6. What is the highest common divisor of l and 12?
12
Let h(q) = -q**3 - 4*q**2 + 3*q + 3. Suppose 8*u = -18 - 22. Let k be h(u). Calculate the highest common divisor of k and 52.
13
Suppose 5*z - 6*z = 38. Let o be z*1*(-25)/10. What is the highest common factor of 19 and o?
19
Suppose 3*f + 90 = 2*u, f + 0*f = -2. Let w(z) = 44*z**2 + 7*z + 3. Let g be w(-3). Calculate the highest common divisor of g and u.
42
Let h(a) = a**3 + 8*a**2 + 12*a + 11. Let v be h(-6). Suppose 22 = n + n. Calculate the greatest common divisor of v and n.
11
Suppose -612 + 234 = -9*t. Calculate the highest common factor of t and 60.
6
Let x be 54/2 - (-2 + 1). Suppose -1 = 3*v + 4*a - 2, 3*v + 2*a = 5. Suppose 9 = v*w, -34 = -4*t - w - w. What is the greatest common factor of t and x?
7
Suppose 2*z + 4*q + 90 - 32 = 0, -q = -2*z - 38. Let c be (z/14)/((-3)/2). What is the highest common divisor of 1 and c?
1
Let o(l) = 2*l - 13. Let p be o(10). Let a(f) = -f**2 + 9*f + 10. Let x be a(p). Let n = -7 + x. What is the greatest common divisor of n and 85?
17
Suppose 6*h - 2*h = 252. What is the highest common divisor of 27 and h?
9
Suppose 0 = -7*p + 17*p - 3480. Calculate the greatest common factor of p and 36.
12
Let c be 1/2*(3 - 1). Let u be ((-9)/c)/(6/(-18)). Let n(q) = q**3 - 8*q**2 + 7*q + 3. Let l be n(7). Calculate the highest common divisor of u and l.
3
Let z be ((-9)/2)/((-18)/(-48)). Let v be (-18)/(-10)*(-80)/z. Suppose -k - 119 = -5*t, k - 5*k + 4 = 0. What is the highest common factor of t and v?
12
Suppose o = -18*o + 4465. Calculate the greatest common factor of o and 47.
47
Let c(l) = -l**3 - 4*l**2 - 4*l. Let k be c(-3). Let t be (-3)/((-4)/(4/k)). Let h be (t + 0)*(57 - 1). What is the highest common divisor of h and 14?
14
Let r(c) = c**2 + 2. Let d be r(0). Suppose 2*k + 18 = w, -d*w - k = -0*w - 11. Calculate the highest common factor of w and 1.
1
Suppose 5 = -2*m - 1, 23 = a - 4*m. Let y = -1648 - -1659. Calculate the greatest common divisor of a and y.
11
Let n be ((-1)/(-3))/((-4)/(-72)). Suppose 41*y + n = 43*y. Calculate the greatest common factor of y and 6.
3
Suppose 5*o + 2 = 5*x + 57, 0 = -4*x - 3*o - 79. Let n be (-1916)/(-16) + (-4)/x. What is the highest common divisor of n and 15?
15
Let h(i) = -i**3 + 8*i**2 - 6*i - 6. Let n be h(7). Let p be n - ((-36)/3 + 3). What is the highest common factor of 2 and p?
2
Suppose -l - 2*l = -63. Let p be 6/4 + 52/(-8). Let t(a) = 8*a**2 - 13*a - 34. Let j be t(p). What is the greatest common divisor of j and l?
21
Let f = 590 - 260. Calculate the highest common divisor of 60 and f.
30
Let t(u) = -3*u - 7. Let k be t(-5). Suppose k*y - 4*y - 100 = 4*j, -2*j = 5*y - 90. What is the highest common divisor of y and 100?
20
Let x be (25/5 - 6)/(4/(-112)). Calculate the highest common divisor of 12 and x.
4
Suppose -2*d + 0 = 2. Let c(v) = -2 - 26*v + 24*v + 2. Let f be c(d). What is the greatest common divisor of 1 and f?
1
Suppose 0 = -2*z + 9 - 17, 3*o - 2*z - 215 = 0. Let q = -28 - -74. Calculate the highest common factor of q and o.
23
Let m(i) = -i + 8. Let p be m(5). Suppose -436 = -4*y - 4*k, -2*y = -p*y + 4*k + 104. Calculate the greatest common factor of y and 36.
36
Suppose 33*j + 138 = 36*j. Calculate the highest common divisor of j and 368.
46
Let l be ((-20)/(-25))/(2/305). Let p = -82 + l. Calculate the greatest common factor of 5 and p.
5
Suppose -4*w + 5*w = 3*v - 13, -8 = 2*v - 4*w. Let r = -3 - -7. Let q = r + 2. Calculate the greatest common factor of v and q.
6
Let g(j) = 5*j - 18. Let n be g(5). Let b = 15 + -14. What is the highest common factor of b and n?
1
Let g be (-3)/(-2*3/16). Suppose -2*n = 5*f - 4, 7*n = -2*f + 3*n - g. Suppose 0 = f*h - 8*h + 264. What is the highest common divisor of h and 4?
4
Suppose 0 = -x - 0*x + 14. Let y = 195 + -69. What is the greatest common divisor of y and x?
14
Suppose 3*j + 1400 = 13*j. Calculate the highest common factor of 40 and j.
20
Let t(s) = 8*s + 333. Let l be t(-40). Calculate the greatest common factor of l and 637.
13
Let m(h) = h**3 + 18*h**2 + 28*h - 63. Let n be m(-12). Calculate the greatest common factor of n and 90.
15
Let q(u) = 13*u**2 + 4*u - 5. Let f be q(2). Let s = 0 - 3. Let p be (-102)/(-18) - (-2)/s. Calculate the highest common factor of f and p.
5
Let n = -362 - -363. Calculate the highest common factor of n and 8.
1
Let b = 347 + -331. Calculate the highest common divisor of 3888 and b.
16
Let v(f) = -5*f + 7. Let l = -29 + 30. Let h be v(l). What is the greatest common factor of 8 and h?
2
Let q(x) = 2*x**2 + 3*x - 1. Let w be q(-7). What is the greatest common divisor of w and 532?
76
Suppose -2*r - 472 = 390. Let j = -200 - r. Let h be 17 + (-2)/(-15) + 116/30. What is the greatest common divisor of j and h?
21
Let x(f) = 19*f - 477. Let h be x(29). Calculate the highest common factor of 74 and h.
74
Suppose -3 = 4*a + 5. Let l be (a/(-1 - 0))/(15/15). What is the highest common divisor of 18 and l?
2
Suppose 27*a - 25*a - 1474 = 0. Calculate the highest common factor of a and 67.
67
Suppose 2000*r - 198 = 1989*r. What is the greatest common factor of 348 and r?
6
Let t(a) = a**3 - 6*a**2 - 45*a - 38. Let b be t(11). What is the greatest common divisor of 8 and b?
8
Suppose -25*p + 77 = -18*p. What is the greatest common factor of 385 and p?
11
Suppose 0 = 15*m - 22*m + 3612. Calculate the greatest common factor of m and 24.
12
Let v = -668 - -776. What is the greatest common factor of v and 1242?
54
Let g = 24 + -21. Suppose 3*a - 2*p - 69 = -4*p, 0 = -2*a - g*p + 51. Let n be 60/9 - (-1)/3. What is the highest common factor of n and a?
7
Let f be (-5)/10 - (-201)/6. Suppose -2 = k - 3. Let l be (k/(-2))/(4/(-176)). Calculate the greatest common factor of l and f.
11
Let l(p) = p**3 + 41*p**2 - 46*p - 134. Let v be l(-42). What is the highest common factor of 187 and v?
17
Suppose -5*o + 5*k + 109 = 4*k, -o + 26 = 4*k. Let i = 43 - o. Suppose 2*l = -l + i. What is the highest common divisor of 7 and l?
7
Let u be ((-96)/(-40))/((-3)/(-15)). Let a = 97 + -67. What is the highest common factor of u and a?
6
Suppose -57*c + 728 = -412. Calcul